ose -3*z + 4*z = 3*f - 1, z - 4*f = -2. Suppose -z*o + 7 + 1 = 0. List the prime factors of o.
2
Suppose 0*h = -3*h - 18. Let c(w) be the second derivative of -w**5/20 - w**4/2 - w**3/3 - 7*w**2/2 - 2*w. List the prime factors of c(h).
5
Suppose -4*r + 0*k + 147 = -k, 111 = 3*r - k. What are the prime factors of r?
2, 3
Suppose j - 3*u = 70, 4*u + 66 = j + 3*u. List the prime factors of j.
2
Let a(v) = -v**2 - 18*v - 16. Let m be a(-14). Suppose x - 6*x - 2*u + 46 = 0, -5*u = -3*x + m. List the prime factors of x.
2, 5
Let u(x) = x**2 + 9*x + 13. What are the prime factors of u(-12)?
7
Let y be 2/2 + 3 + -2. Suppose 0 = -3*x, 5*i + 10 = -0*i - y*x. Let n(b) = -3*b - 1. List the prime factors of n(i).
5
Suppose -i + 3 = -5*d, 0*d - 12 = -4*i - 3*d. Let r be (-1)/(-1)*(i - 6). Let l(n) = -n**2 - 3*n + 3. What are the prime factors of l(r)?
3
Suppose -4*p - 2*u + 64 = 0, -46 = -3*p - 3*u + 2. Suppose 0 = q + j - p - 1, -3*j + 87 = 5*q. What are the prime factors of q?
2, 3
Suppose -8*y = -7*y - 39. List the prime factors of y.
3, 13
Suppose -293 - 639 = -4*r - 3*y, -4*r + 3*y + 908 = 0. List the prime factors of r.
2, 5, 23
Suppose 4*h - 15 = -h. Suppose h*x - 2*y = -y + 16, -2*x + 9 = y. What are the prime factors of x?
5
Suppose -4*w + 20 = -0*w. Suppose -w*k = -93 - 17. List the prime factors of k.
2, 11
Suppose -3*q + 4*u = -0*q + 12, -15 = -5*q - 5*u. Suppose 0*l + 5*l = -3*m - 6, q = -5*m - 4*l + 3. Suppose 0 = 4*v - 5 - m. What are the prime factors of v?
2
Let c = -27 + 52. List the prime factors of c.
5
Let v = -7 + 9. Suppose 0 = -2*q - v*q + 68. List the prime factors of q.
17
Suppose -2*n = 3*d + 25, -20 = 4*n + 4*d + 24. Suppose -4*v = 3*a - 91, -4*v + a + 51 = -4*a. Let r = n + v. List the prime factors of r.
11
Let s = 7 - 19. Let u = 25 + s. What are the prime factors of u?
13
Let i(p) = 5*p**2. List the prime factors of i(1).
5
Let h(m) = m**3 - 3*m**2 - 3*m + 1. Let t be h(4). Suppose -t*o + 25 = -5*n, -2*o + 17 = o - n. List the prime factors of o.
2, 3
Let u(z) = -z**3 + 8*z**2 - 7*z + 5. Let s be u(7). Suppose 0 = 4*t - s*t + 40. List the prime factors of t/6 - (-5)/15.
7
Suppose t - 27 - 4 = 0. What are the prime factors of t?
31
Let k(m) = m**3 + 4*m**2 + 4*m + 3. Let n be k(-2). Suppose 2*p = 4*d - 58, n*p = -4*d + 28 + 45. What are the prime factors of d?
2
Let q(p) = -p**3 - p**2 + 2*p. Let m = 0 - 1. Let i = m + -2. What are the prime factors of q(i)?
2, 3
Let o(h) = h**3 + 5*h**2 - 4*h - 2. Let m = -18 - -13. List the prime factors of o(m).
2, 3
Let h(p) = 49*p**2. What are the prime factors of h(1)?
7
Let k = 61 + -233. What are the prime factors of k/(-14) + (-8)/28?
2, 3
Let j be -7*1*(-60)/42. Let x = j - -5. List the prime factors of x.
3, 5
Let g = -9 - -5. Let q = g - -33. List the prime factors of q.
29
Suppose -9*p + 7*p + 264 = 0. List the prime factors of p.
2, 3, 11
Let w(r) = -3*r**3 - 5*r**2 - r + 3. Let k be w(-3). Let i = 3 + 1. Suppose 0*c - k = -i*x - 2*c, -2*x + 3*c + 1 = 0. List the prime factors of x.
2
Let d(o) = o**2 - 3*o + 4. Let p be d(3). Suppose -2*i + p = v - 1, 5*i - 5 = 0. Suppose v*z = 3 + 24. What are the prime factors of z?
3
Suppose -3*n = -7*n + 8. Suppose 0 = -5*h - n*f + 15, -h - 2*f - 2*f = -21. Suppose -5*r + 6*l + 15 = l, l - h = 0. What are the prime factors of r?
2
Let d be (-2)/(-3) - 763/(-21). Let l(u) = u**3 - u - 1. Let j be l(-3). Let i = j + d. List the prime factors of i.
2, 3
Let s(o) = -o**2 - 3*o. Let c be s(-5). Let l = 29 + c. List the prime factors of l.
19
Let s = 147 - 104. What are the prime factors of s?
43
Let l be (-1)/(-5) + (-196)/(-20). Let f = l - 2. What are the prime factors of f?
2
Let v(z) = -z**2 - 8*z - 6. Let m be v(-6). Suppose 0 = f + f - m. Suppose -2*p - 3*n = 0, -14 = -5*p - n - f*n. What are the prime factors of p?
2, 3
Suppose 4*u + 8 = 0, u - 90 = -2*q + 12. What are the prime factors of q?
2, 13
List the prime factors of 112/((-8)/(-2)) + 2.
2, 3, 5
Let r be (-2 - (-16)/7)*7. Suppose -r*t - 75 = -7*t. List the prime factors of (2 - -1) + t - 1.
17
Let x = 198 + -108. List the prime factors of x.
2, 3, 5
Suppose 0 = j + j + 4. Let w be -3*(4/3)/(-1). List the prime factors of j/((8/(-7))/w).
7
Let d(h) = 18*h + 1. Let q be d(1). Suppose -5*a - 4*x + q = -35, 4*a - 43 = -3*x. What are the prime factors of a?
2, 5
Let p(y) = -y**2 - 5*y + 13. Let d(n) = -n**2 - 4*n + 12. Let k(r) = 6*d(r) - 5*p(r). Let m be k(0). Suppose -2*l = -1 - m. List the prime factors of l.
2
Suppose 2*f = 5*m - 8*m + 315, 0 = 2*f + m - 305. List the prime factors of f.
2, 3, 5
Suppose -5*o + 6 = -2*o. What are the prime factors of o?
2
Suppose 4*u - 429 = 459. What are the prime factors of u?
2, 3, 37
Suppose 0 = 5*u - 5*k + 2*k - 2, 2*k = 3*u - 1. Let n be (2 - u)/(3/21). Let w(i) = -i**2 + 9*i - 2. List the prime factors of w(n).
2, 3
What are the prime factors of (26/(-8))/(1/(-4))?
13
What are the prime factors of ((-8)/(-8))/(2/134)?
67
List the prime factors of 1265/15 + (-6)/18.
2, 3, 7
Let l be 6/15 - 72/(-20). Let m = l + 16. List the prime factors of m.
2, 5
Suppose 11 = -0*a - 4*a - 3*b, 0 = -3*b - 15. Let i = a + -3. List the prime factors of (9/6)/((-1)/i).
3
Let x be -6*(-3 + 33/9). Let i(l) = l**3 + 6*l**2 + 3*l - 3. What are the prime factors of i(x)?
17
Let z = -9 - -16. Suppose 3*b + 4 - z = 3*j, 1 = -5*j + b. Suppose s - 43 = -j*s + 5*c, 2*c + 64 = 3*s. What are the prime factors of s?
2, 3
Let m = 5 - 6. Let f = m - -13. List the prime factors of f.
2, 3
Suppose 0 = 3*q - 2*q - 50. What are the prime factors of q/4 - (-3)/(-2)?
11
Let c be 0*(0 + -1 + 2). Suppose 0*a + 5*a - 40 = c. What are the prime factors of a?
2
Suppose 2*y + 0*y = -z - 6, 4*z = 2*y + 16. Suppose 4*t - 2*n = -6*n - 36, -4*n - 10 = z*t. Let g = t + 23. What are the prime factors of g?
2, 5
Suppose -k - 45 = -2*t, 3*t - 4*k = 52 + 28. What are the prime factors of t?
2, 5
Suppose 2*g + g = 15. Suppose 4*v - 3*a = 7 + 58, g*v - 5*a = 85. What are the prime factors of v?
2, 7
Let l(v) = -v**2 + 11. Let o = 3 + -3. List the prime factors of l(o).
11
Suppose -5*q + 6*q - 69 = 0. List the prime factors of q.
3, 23
Let f(v) = -v**2 + 16*v - 30. What are the prime factors of f(9)?
3, 11
Suppose y + 5 = 22. Let f = 35 - y. What are the prime factors of f?
2, 3
Let p = 40 - 22. Let w = p - 11. List the prime factors of w.
7
What are the prime factors of 58 + -3 + 7 + 0?
2, 31
Let t(c) = -6*c**3 + 2*c + 1. Let u = -5 + 4. List the prime factors of t(u).
5
Suppose 0 = 4*l - 0*l + 12. Let x = 1 - l. What are the prime factors of x?
2
Suppose -x + 3*m = -19, 41 = 5*x + 5*m - 2*m. Let y be (4 - -1)/(1/7). Suppose -5*f + x + y = 0. What are the prime factors of f?
3
Let c be (-2 + 2/1)/(-2). Let t be c + 15 + (2 - -1). Suppose 3*f + d - 53 = 0, -2*f + 3*d + t = 8*d. List the prime factors of f.
19
Let x = -9 - 3. Let m be (-138)/x - 2/4. Suppose 2 = -j + m. What are the prime factors of j?
3
Suppose 3*y = 7*y - 8. Suppose y*q - 4*q + 14 = 0. What are the prime factors of q?
7
Let p(y) be the third derivative of y**5/60 - y**4/24 + y**3/6 + 2*y**2. What are the prime factors of p(-3)?
13
Suppose -4*m - 3*c = -47, -3*m = -3*c - 5 - 4. Let j = 30 - m. What are the prime factors of j?
2, 11
Let h(l) = l**3 + 7*l**2 - 4*l - 7. Let a be h(-6). Suppose 0 = -10*i + 23*i + 468. Let u = a + i. What are the prime factors of u?
17
Let q = 75 - 45. List the prime factors of q.
2, 3, 5
Let u(q) = q**3. Let s(j) = 6*j**3 + 7*j**2 - j - 9. Let w(v) = s(v) - 5*u(v). Let g be w(-7). List the prime factors of 6/(-15)*(-7 - g).
2
Let y = 6 - 12. Let z = y - -15. What are the prime factors of z?
3
Let t(h) be the second derivative of h**3/2 - 5*h**2/2 - 27*h. Suppose -5*j + 20 = 4*m, 2*m - 6 + 2 = -j. What are the prime factors of t(j)?
7
List the prime factors of (-23712)/(-1326) - 2/(-17)*1.
2, 3
Let r be 4*1/2 + 0. Suppose -5*n + 44 = -2*a, -4*a - 2*n = -r*a + 58. List the prime factors of (-291)/a - (-2)/9.
11
Let i be (-4)/(-10) - (-112)/(-5). Let z = -1 - i. List the prime factors of z.
3, 7
Let q(d) = d**3 - 4*d**2 + 4*d - 1. Let y be q(3). Let r be (1/y)/(3/(-144)). What are the prime factors of (-15)/4*r/9?
2, 5
Suppose -8 = -2*z + 12. List the prime factors of z.
2, 5
Let h = -4 + 7. Suppose 0 = y